rst derivative of -m**2/2 + 6*m + 70. Give h(5).
1
Let a(k) = -23*k**3 - 20*k**3 + 62*k**3 + 5*k + 7*k**2 - 18*k**3. Let z(s) = -s**3 + 6*s**2 - 2*s + 6. Let j be 1 + (-12)/3 - -9. Let m be z(j). Calculate a(m).
6
Let j(x) = -2*x - 44. Let t be j(-25). Suppose 0 = 7*f - f + t. Let r(b) be the second derivative of 3*b**5/20 + b**2/2 - b. What is r(f)?
-2
Let k(a) = -a**2 + 4*a + 2. Let p = 10 + -7. Suppose 7*m - 40 = -p*m. Determine k(m).
2
Let h(s) = -s. Let t(y) = 5*y - 4. Let p(r) = 6*h(r) + t(r). Let f(m) = -1. Let n be (-6)/10 + 8/5. Let v(k) = n*p(k) - f(k). Determine v(5).
-8
Let c(z) = z**2 + z. Suppose -36 = -3*w + 4*o, -5*w = -5*o - 18 - 37. Suppose -w = 12*x + 4. Give c(x).
0
Let x(z) = 11*z - 37. Let d(s) = -s**2 + 10*s - 27. Let m be d(6). Let t(b) = 4*b - 13. Let q(y) = m*x(y) + 8*t(y). Give q(0).
7
Let l(v) = 2*v**3 - 13*v**2 + 29*v - 20. Let u(g) = -3*g**3 + 14*g**2 - 31*g + 22. Let i(m) = -4*l(m) - 3*u(m). What is i(-12)?
2
Let z(y) be the second derivative of -y**5/10 - y**4/4 - y**3/3 - 2*y**2 - 3*y - 48. Calculate z(-2).
4
Let v(d) = -20*d + 75*d - 53*d. Let y(t) = -t - 2. Let h be y(-3). What is v(h)?
2
Let s(o) = 5 + 2*o - 2*o**2 + 3*o**2 + 3*o. Let k be 5/2 - (-6 + (-175)/(-14)). Give s(k).
1
Let c be 2/9 - 125/(-45). Let n(z) = 7 - z**c - 2*z**3 + 2*z**3 + 2*z**2 - 9*z**2 - 4*z. Suppose -39 = 4*i + 5*g, -8*i + 5*g = -4*i + 9. What is n(i)?
-5
Let b be 12/(-22) - (-1152)/(-352)*5/3. Let o(h) = -8 + 2*h + h - 6*h. Let g(v) = 4*v + 7. Let i(x) = 2*g(x) + 3*o(x). What is i(b)?
-4
Suppose 0 = -2*r + v + 1, -3*v = 5*r - 6*r + 13. Let l(d) be the second derivative of -d**4/6 - 2*d**3/3 - d**2 - d - 3. What is l(r)?
-2
Let w = 27 + -1. Let t be 13/w*(1 + -1). Let v be t - ((-2)/1 + 9). Let j(n) = -n**2 - 7*n. Calculate j(v).
0
Let w(i) = -5*i**2 + 4 - 3*i**3 + 9*i**3 + 0*i**2 - 5*i**3. What is w(4)?
-12
Let q be (1 - 32 - 3)/(12/(-42)). Let a = q - 116. Let o(b) = 5*b. Determine o(a).
15
Let f(w) = -w**3 - 2*w**2 + 2*w + 3. Suppose n + 4*n = 10. Let a(q) = -4 - 12*q + 3*q**n + q**3 + 0*q**2 + 9*q. Let c(v) = 2*a(v) + 3*f(v). Determine c(1).
0
Let f(l) = -5*l - 27. Let y(j) = -j - 5. Let g = 21 - 32. Let w(a) = g*y(a) + 2*f(a). What is w(-7)?
-6
Let t(w) = w**2 + 2*w + 1. Let m be 10/35 + 4/(-14) + 0. Determine t(m).
1
Let s(i) be the first derivative of i**3/3 + 7*i**2/2 + 6*i + 404. Determine s(-4).
-6
Let r(v) = v - 4. Let p(u) = -2*u - 15. Let j(l) = p(l) - 3*r(l). What is j(-4)?
17
Suppose 19*f - 62 = -138. Let t(u) = 5*u - 1. Let b(o) = -5*o. Let a(s) = 6*b(s) + 5*t(s). Determine a(f).
15
Suppose a - 73 = -4*a - 4*u, 3*a + u - 41 = 0. Let z(f) = f**2 - 12*f - 13. Give z(a).
0
Let g(y) be the second derivative of y**4/12 + 7*y**3/3 - 5*y**2/2 + 54*y. Calculate g(-14).
-5
Let k(l) = -5*l**2 - 2*l + 1. Let g(r) = 10*r**2 + 5*r - 3. Let b(d) = 2*g(d) + 5*k(d). Let j be ((-3)/(-6))/(-3 - 25/(-10)). What is b(j)?
-6
Let j(s) = -3 + 4*s + 5*s**3 - 5*s**2 - 10*s**3 + 6*s**3 + 0. Suppose -6*o + 3*o = -12. Calculate j(o).
-3
Suppose 3*p + 7 = -2*g, -4 = 2*p + 2*p + 4*g. Let f(s) = 2*s - 14. Let m be f(7). Let n(a) = m*a**2 - a**3 - a**2 - 11 - 4*a**2 + 17. What is n(p)?
6
Let l(r) = 7*r**2 - 2*r - 2. Let t(k) = -8*k**2 - 32*k + 2. Let m be t(-4). What is l(m)?
22
Let l(g) = g**3 + 52*g**2 + 47*g - 204. Let r be l(-51). Let z(d) = -d + 0*d**3 + 0*d**3 + d**2 + d**3 + 4. Calculate z(r).
4
Let h(n) = 15 + 10*n - 7 - 11*n + 4. Calculate h(7).
5
Let o(i) be the first derivative of -18 + 5*i + 1/3*i**3 - 3*i**2. Let k = 5 + 0. Determine o(k).
0
Let f(t) = 2*t**3 + t**2 - t - 1. Let q(g) = -3*g**3 - 2*g**2 + 3*g + 29. Let o(s) = 2*f(s) + q(s). What is o(0)?
27
Suppose 0 = -o + 1 - 5. Let y be 6/o + 3/6. Let u(g) = -10*g. What is u(y)?
10
Let j(y) be the first derivative of -y**4/4 - 10*y**3/3 - 9*y**2/2 + 12. What is j(-9)?
0
Let z(d) be the second derivative of -d**4/12 - d**3 - 3*d**2/2 - d + 115. What is z(-2)?
5
Let y(n) = n - 1. Suppose -10*r - 20 = -30*r. Give y(r).
0
Let j(s) be the third derivative of -11*s**5/60 - s**4/12 + s**3/6 - 222*s**2. Suppose 3*b + 5*r - 13 = 0, -2*r + 9 = -b + 6*b. Give j(b).
-12
Suppose -h - 2*h = -5*l - 14, 0 = -5*h + 2*l - 2. Let w(f) = -f**2 - 2*f - 1. Determine w(h).
-1
Let v be 3 - 5 - (0 - 13). Suppose -v = -4*q + 13. Let n(p) = -2*p + 6. What is n(q)?
-6
Suppose -17 = z - 0*z. Let f = z + 13. Let w(h) = 2*h - 2. Let m(p) = -1. Let b(r) = -8*m(r) + w(r). Determine b(f).
-2
Let j(u) = 3*u + 26. Suppose -h - 65 = 5*o, 0 = -o + 3*h - h - 13. Determine j(o).
-13
Let b(p) = 3*p - 71. Let h(n) = -1. Let z(x) = b(x) - 2*h(x). Determine z(21).
-6
Let g(z) = z**2 + 8*z + 4. Let x be g(-6). Let r be 114/(-24) - 6/x. Let c(n) = 4*n + 2*n**2 - 2 - 2 + 3 - 3. Determine c(r).
12
Let i(n) be the first derivative of -2 + 1/2*n**2 + 7/3*n**3 + 0*n. Suppose o = 3 - 4. Determine i(o).
6
Let m(n) = 2*n**2 + 8*n + 8. Let g be 9/((-77)/14 - -4). Give m(g).
32
Let f(n) = -n**2 + n + 3. Let q = -10 + 14. Suppose -q*h = -24 + 4. Suppose 3*g + 5*c + h = 0, -2*c - c - 3 = -4*g. What is f(g)?
3
Let q(g) be the first derivative of 3*g**2/2 + 7*g - 253. Let a = -6 + 0. What is q(a)?
-11
Let o = -903 + 895. Let b(y) = 2*y - 17. Give b(o).
-33
Let n(o) = -16*o - 2*o**2 + 2 + 17*o + o**2. Let l = -22 - -24. Calculate n(l).
0
Let t = 19 - 10. Suppose 2*j + j + t = 0. Let r be (j/6)/(4/32). Let x(o) = o**2 + 6*o + 3. What is x(r)?
-5
Suppose 5 = d - 0. Let w(q) = 5*q - d + 3*q + 4. Let v(l) = -l**3 - 5*l**2 + 2*l + 11. Let p be v(-5). What is w(p)?
7
Suppose -538*h + 3*l + 3 = -535*h, -h + 2*l = -4. Let m(q) be the first derivative of -4*q**3/3 - 2*q**2 - 3*q - 2. Give m(h).
-11
Let s(f) = -f**3 - 9*f**2 - 5*f + 7. Let x be 210/(-28) - 2/4. Calculate s(x).
-17
Let t(j) = -3*j**3 - 8*j**2 + 19*j + 1. Suppose -s + 15 - 8 = 0. Let w(b) = b**3 + 3*b**2 - 6*b. Let y = 3 - 1. Let p(f) = s*w(f) + y*t(f). Give p(-6).
-10
Let y(f) = -50 + 8*f + 46 - 1089*f**2 + 1091*f**2. What is y(-5)?
6
Let d(u) be the second derivative of u**5/20 + 5*u**4/12 - 4*u**3/3 - 4*u**2 + 3*u. Let q be -4 - (2 + 3 - 3). Give d(q).
4
Let c be 3 - 5 - (1 + 0). Let v(q) = -3*q - 4. Let z be v(c). Let u(x) = -57 + 4*x + 56 - 5*x. Determine u(z).
-6
Let g(o) = 2*o + 4. Let i = -5 - -7. Suppose 3*f + h + 4 = 0, i*f - 4*h - 6 = 10. Let m = -5 + f. What is g(m)?
-6
Let u(j) = -9 - 15 - 3*j + 19 - 7. Give u(-6).
6
Let s(r) = -r**3 - 3*r**2 - 3*r - 4. Let b be s(-3). Let f(y) be the first derivative of y**3/3 - 3*y**2 + 2*y + 231. Give f(b).
-3
Let m(a) be the second derivative of -a**5/20 + 7*a**4/12 - a**3 + 3*a**2/2 - 56*a - 1. Give m(5).
23
Let v = 4 + -10. Let t(m) be the third derivative of -m**4/24 - 2*m**3 + 39*m**2. Determine t(v).
-6
Suppose -14 - 4 = 3*u. Let t(m) be the second derivative of -1/6*m**3 + 0 - 5*m - 3/2*m**2. What is t(u)?
3
Let k(u) be the second derivative of -u**4/24 + u**3/6 - 13*u**2/2 + 6*u. Let c(s) be the first derivative of k(s). What is c(5)?
-4
Let i be ((-4)/(-6))/(2/(-6)). Let y(f) = -f**2 - 2*f + 1. Let w be y(i). Let l(o) = 1 + 2*o - 2 - 5*o - w. Calculate l(-4).
10
Let p(w) = -7 + 1 + 2 - w**2 - 4*w. Suppose 3*d = 2 + 13. Suppose 3*g - 2*g = -d*u - 29, -2*g + 7 = -3*u. What is p(g)?
-4
Suppose 5*l + 34 - 74 = 0. Suppose -3*q + 5*q + 8 = -i, 4*i - 4*q + l = 0. Let h(t) = -t**3 - 3*t**2 + 2*t - 4. Determine h(i).
4
Let w(r) = -349 + 2*r + r**2 + 349 + 3*r. Calculate w(-7).
14
Let i(x) = x**2 - 5*x - 5. Let n(u) = u**3 + 17*u**2 + 2*u + 32. Let w be n(-17). Determine i(w).
9
Let n be (-26)/5 - (-2)/10. Let a(u) be the first derivative of -u**2/2 - 4*u + 162. Determine a(n).
1
Let i(u) be the first derivative of -u**3/3 - u**2/2 + 3*u + 1. Let k be (-1)/(-3) + 2172/(-36). Let y = -60 - k. What is i(y)?
3
Let y(x) = x**3 + x**2 - x - 1. Suppose 2*m + m - 2*b = -107, -5*m - 173 = 2*b. Let o be 2*(m/10 - -3). Let h be o - 0/(4/4). What is y(h)?
0
Let h(s) = -9*s + 9 - 3*s**3 + 2*s**3 - 29 + 15 + 9*s**2. Calculate h(8).
-13
Let f be -3 + 0 + 4/1. Let i(l) = -1 + 3 + 5*l - 5 + f - 3*l**2 - l**3. Suppose -4*a + 6 = 22. Determine i(a).
-6
Let d = 7 + -4. Let b(a) = -2*a. Let n be b(d). Let u(h) = h**2 + 9*h + 2. Let p(j) = -j - 1. Let y(m) = n*p(m) - u(m). Calculate y(-4).
0
Let k(n) = 1 + 5885*n**2 + 3 + 6*n - 5884*n**2. Give k(-5).
-1
Let